21))/(2/(-7)). Let q(t) be the first derivative of -t**4/4 + 5*t**3/3 + 3*t**2/2 + 4*t + 1. Determine q(i).
-14
Let f = -52 + -7. Let p = f + 61. Let i(x) = -7*x. Give i(p).
-14
Let s(q) = 3*q**3 - 17*q**2 + 12*q - 4. Let j be s(5). Let v(u) = -u**3 + 6*u**2 - 8*u + 5. Calculate v(j).
-43
Let u = -113 - -114. Let t(s) = 2*s**2 - 4*s**2 - 207*s + 5*s**3 + 209*s - u. Calculate t(1).
4
Suppose -2*r - 12 = -5*r. Let t be (12/(-8))/((-6)/r). Let i(u) = u + 0 - 3*u - t. Give i(-6).
11
Let n(f) = 8 - f**2 - 3*f + f - 2*f. Let w(x) = -3*x + 9. Let s be w(3). Suppose s*u - 8*u = 48. Calculate n(u).
-4
Let p be (21/(-9) + 1)*-12. Suppose -2*q - p = -2*f, 3*q + 0 = -2*f + 1. Let m(s) = 0*s + 1 - 2 + s**2 - s. Give m(q).
11
Let j(h) = -3 + 2*h - h - 2*h. Let u be ((-2)/5 - 1456/210) + (-6)/9. Determine j(u).
5
Let w(s) = s**3 - 2*s**2 - 2. Let r(y) = 6*y**2 + 2. Let n be r(-2). Suppose 2*v + n = 2*z - 3*v, 0 = -z + 2*v + 11. What is w(z)?
7
Let s(u) = -u**2 - 2*u + 7. Let w = -1083 - -1078. What is s(w)?
-8
Let b(a) = -5*a**3 + a**2 + a + 1. Let u be b(-1). Let k be (2 + 2)/(4/u). Let h(o) = -1 + 4*o + 5*o**2 + 19*o**3 - 4 + 4*o + 13*o**3 - 33*o**3. Give h(k).
7
Let t be ((-27)/(-45))/((-2)/10). Let j = t - -10. Let o(f) = -f**3 + 7*f**2 + f - 8. What is o(j)?
-1
Suppose 6*j - 12*j = -54. Suppose 11*v - 2 = j*v. Let c(p) = -p**2 + p + 1. Give c(v).
1
Let r(d) = d**3 + 2*d**2 - 5*d - 3. Let p(a) = 2*a**3 + 6*a**2 - 10*a - 6. Let g(o) = 2*p(o) - 5*r(o). What is g(4)?
-9
Let a(k) = 4 + 45*k + 48*k - 92*k. Calculate a(3).
7
Let j(d) = 2*d + 1. Let v(q) = -2*q**2 + 8*q + 6. Let p(t) = 5*j(t) - v(t). What is p(-3)?
11
Let w(j) be the third derivative of -j**6/120 + j**5/12 - j**4/6 + 2*j**3/3 - 5*j**2. Let o be w(4). Let d(s) = s**3 - 5*s**2 + 5*s - 5. Calculate d(o).
-1
Let m = -24 - -18. Let s(r) = r**2 + 4*r + 6. Determine s(m).
18
Let n(d) = -3*d**2 + d - 1. Let k(l) = -l**2 - l + 1. Let w(x) = 5*x**2 + 16*x + 6. Let o(b) = 6*k(b) + w(b). Let a be o(11). What is n(a)?
-3
Let j(t) = 4*t + 10. Let n be ((-7 - -18)/(-44))/(2/40). Give j(n).
-10
Let j = 124 - 228. Let p = 154 + j. Suppose 3*d = 12, -2*b + 5*d - p = 3*b. Let h(g) = 2*g - 2. Determine h(b).
-14
Let h = 3 - -2. Let r(t) = 3*t**2 - 3*t + 7. Let q(y) = 2*y**2 - y + 4. Let d(v) = -7*q(v) + 5*r(v). Calculate d(h).
-8
Let k(x) be the second derivative of 3*x**3/2 - 4*x**2 - 39*x + 4. What is k(4)?
28
Let v(b) = -22*b**2 + 5. Let l(f) = -14*f**2 + 3. Let q(r) = -8*l(r) + 5*v(r). Give q(1).
3
Let a(q) = -q + 9. Let w = -578 - -578. Determine a(w).
9
Let j(a) = -2 + 4 + 1 - a**2. Suppose 3*s - 6 = 3*l, -l - 5*s = 3*l - 10. Give j(l).
3
Let k(b) = -b**2 + 15*b - 10. Let g be k(14). Let u(o) = -5 - 3 + 6 - o**2 - g*o. Suppose -5*h - 36 = -4*r, -3*h + 0*r = -2*r + 20. Calculate u(h).
-2
Suppose 0 = -3*w - w + x - 89, 0 = 5*x + 15. Let q(l) = -l**2 - 24*l - 20. Let i be q(w). Let j(v) = 3*v**2 - 4*v + 1. What is j(i)?
16
Let f(i) = -i**3 - 4*i**2 + 3*i - 2. Let y be (-1 + (-1)/(-2))/((-27)/(-270)). Give f(y).
8
Let h(p) = 7*p**3 + 22*p**2 - 26*p - 85. Let k(f) = -13*f**3 - 43*f**2 + 51*f + 165. Let u(w) = -11*h(w) - 6*k(w). Determine u(-17).
-4
Let p = -404 - -400. Let t(q) be the second derivative of -q**5/20 - 5*q**4/12 - 7*q**3/6 - 2*q**2 + q. Determine t(p).
8
Let o(z) = -4*z**2 - 2*z. Let p(a) = 5*a**2 + a + 1. Let v(t) = 4*o(t) + 3*p(t). Let x(c) = -6*c. Let m be x(1). Calculate v(m).
-3
Let k = 50 - 97. Let f = k + 53. Let v(d) = d**3 - 5*d**2 - 2*d - 4. Give v(f).
20
Let x(o) = o - 7. Let a be x(6). Let n(z) be the third derivative of 3*z**2 - 1/6*z**3 + 1/120*z**6 - 1/30*z**5 - 1/12*z**4 + 0*z + 0. Calculate n(a).
-2
Let o(r) = 4*r**2 - 420*r**3 - 6*r + 419*r**3 + 1 + 0*r**2. Determine o(4).
-23
Let x(b) = -6*b - 66. Let g(s) = -2*s. Let p(h) = -g(h) + x(h). What is p(-15)?
-6
Let v(l) = l - 12. Suppose 5*q = 4*b - 5, 3*b - 3 - 7 = 5*q. Let m(c) = -c + 12. Let y(h) = b*v(h) - 6*m(h). Calculate y(6).
-6
Let a(r) = -15*r**3 + 11*r**2 + 11*r - 66. Let n(f) = -7*f**3 + 5*f**2 + 5*f - 32. Let k(x) = -6*a(x) + 13*n(x). Give k(0).
-20
Let s be 51/18 + 9*(-3)/(-162). Let k(p) = -12*p + 1. Calculate k(s).
-35
Let m(z) be the first derivative of z**3/3 - 15*z**2/2 - 42*z - 293. What is m(18)?
12
Suppose 2*r - 2*o + o = 16, 0 = -5*r - 2*o + 22. Let z(b) = -b**3 - 4 + 2*b - 6 + r*b**2 + 5. Calculate z(6).
7
Let l(q) = q**2 - q - 2. Let z = -79 + 174. Let f = z + -97. Determine l(f).
4
Let o = -9 + 12. Let h(g) be the second derivative of 2*g - 1/12*g**4 - 5/6*g**o - 1/2*g**2 + 0. Give h(-5).
-1
Let o(m) = -m - 7. Let n be 8/(-12)*3/(-4)*-4. Let d be (40/14 + n)/(2/14). Give o(d).
-13
Let d = 10 - 8. Suppose -13 = -d*h - 7. Let j(v) = 0*v + 2*v**2 + v + h*v**3 + 16*v**3. What is j(-1)?
-18
Let h(n) be the first derivative of -n**6/360 + n**5/30 - n**4/6 - 58*n**3/3 - 32. Let s(c) be the third derivative of h(c). Determine s(5).
-9
Let o(c) = 2*c**2 + 5*c - 4. Let p be o(-4). Let z = -7 + p. Let h(n) = 4*n. Let m(l) = 3*l. Let a(g) = -6*h(g) + 7*m(g). What is a(z)?
-3
Let b(o) be the second derivative of o**4/12 + 2*o**3 - 7*o**2/2 + 67*o. Determine b(-6).
-43
Let n(j) = -2*j**3 + 5*j**2 + 289*j - 147*j + 0 + 3 - 145*j. Calculate n(3).
-15
Suppose 0 = 19*a + 77 - 39. Let v(i) = 16*i - 1. Give v(a).
-33
Let y(q) = -q**2 + 6. Suppose -3*i - 5*p - 7 = 0, p - 10 + 3 = -2*i. Calculate y(i).
-30
Suppose 0 = 5*c - 51 - 44. Let y = -16 + c. Let o(l) = -5 + l**2 - 4*l + 4 + 4. What is o(y)?
0
Suppose c - 4*c = -6. Let m be 10 + 4/((-1)/(-1)). Let b(l) = l**c + 1 - 5 - m*l + 20*l. Give b(-6).
-4
Let v be (-1 + (4 - 2))*4. Let h(d) = 3*d - 30. Let k be h(10). Suppose 5*p - 7*p - v = k. Let f(q) = -2*q - 3. Give f(p).
1
Let o(d) be the third derivative of -d**8/3360 + d**7/5040 + d**5/12 - 18*d**2. Let j(n) be the third derivative of o(n). Determine j(2).
-22
Let p(x) = 6*x. Let o(j) = 46*j + 54. Let m be o(-1). Give p(m).
48
Let u(q) = q - 7. Suppose -4*j + 35 = 5*p - 0, -20 = 4*j. Give u(p).
4
Let s(h) = 3 + 9 - 13 - 6*h - h. Calculate s(1).
-8
Let i be (4/(-14) - 22/(-77))/(-1). Let f(v) be the third derivative of v**5/60 + v**4/24 + 2*v**2. Give f(i).
0
Let d(h) = -h**3 - 5*h**2 + 7*h + 2. Let y(b) be the second derivative of b**4/12 + 5*b**3/3 - 3*b**2 - 9*b. Let t be y(-10). Calculate d(t).
-4
Let g(k) = k**3 - k**2. Let b(v) = -6*v**3 + 9*v**2 + 6*v - 7. Let m(t) = b(t) + 5*g(t). Suppose 10*x - 94 = -44. What is m(x)?
-2
Let w(q) be the first derivative of q**4/12 - 2*q**3/3 + 5*q + 18. Let j(k) be the first derivative of w(k). What is j(4)?
0
Let w(m) = m**2 + 3*m + 2. Let a = -35 + 86. Suppose -3*l + a = -5*d + 19, -4*l + 4 = 3*d. Suppose 7 = -l*y - 13. Calculate w(y).
12
Let w be 20/(-2) - 60/(-10). Let b(x) = x**2 + 4*x - 1. Determine b(w).
-1
Let m(t) be the third derivative of t**6/120 - t**5/15 - t**4/24 - t**3 + 77*t**2. Determine m(5).
14
Let f(m) = -m**3 + 6*m**2 - m - 1. Suppose -3*u - 2*z = -10, -2*z + 6*z - 12 = -2*u. Suppose 4 - 16 = -u*t + y, 4*y = -4*t + 24. Give f(t).
-7
Suppose -5*a + 82 = 102. Let p(t) be the third derivative of t**5/60 + t**4/8 - 3*t**2. Determine p(a).
4
Let c(k) = -2*k - 10. Let p(o) = 3*o + 19. Let w(q) = -11*c(q) - 6*p(q). Suppose 5*z = 2*z - 108. Let y be (3/(-4))/((-9)/z). Give w(y).
-16
Let j(t) be the first derivative of t**4/4 - 19*t**3/3 + 5*t - 53. Let u be j(19). Let d(n) = -2*n - 5. Give d(u).
-15
Let z(b) = -b**2 - 6*b + 3. Suppose 0 = -p - 3, -n + 2*p + 2 = -4. Suppose 4*s - 5*c = -17 - n, -2*s - 4*c = 28. Calculate z(s).
-13
Let z(f) = 18*f + 42*f - f**2 - 119*f + 37*f - 34. What is z(-20)?
6
Let x(a) be the second derivative of a**4/12 - 2*a**3/3 - 2*a**2 - 10*a + 3. Let i be 28/(-2)*(-3 - -2). Let j = -10 + i. Give x(j).
-4
Let h(q) = -q + 5. Let d(v) = 1. Let r(t) = 2*d(t) - h(t). Let g be r(-2). Let w(b) be the second derivative of -b**4/12 - b**3 + 5*b**2/2 + b. Give w(g).
10
Let j = 43 - 48. Let b(c) = 9*c**3 + 2*c**2 - 2*c + 3. Let a(x) = 5*x**3 + x**2 - x + 1. Let k(r) = j*a(r) + 2*b(r). Give k(-1).
6
Let y(q) = -9*q - 10*q**2 - 6 + 14*q + 7*q**2 - 13*q - 13*q. What is y(-7)?
-6
Let t(p) = 7*p + 12. Let v be t(-2). Let m(q) be the third derivative of q**5/60 + q**4/24 - q**3/3 + q**2. Give m(v).
0
Let p(u) = u**2 + u - 3. Let s(n) = 5*n**2 + 6*n - 15. Le